{"id":999957780,"date":"2022-02-28T13:10:22","date_gmt":"2022-02-28T13:10:22","guid":{"rendered":"https:\/\/estevitalyahair.com\/dhi-direkt-sac-ekimi\/"},"modified":"2024-03-01T12:26:17","modified_gmt":"2024-03-01T12:26:17","slug":"dhi-direkt-sac-ekimi","status":"publish","type":"page","link":"https:\/\/www.estevitalyahair.com\/tr\/dhi-direkt-sac-ekimi\/","title":{"rendered":"DHI (Direkt Sa\u00e7 Ekimi)"},"content":{"rendered":"\t\t<div data-elementor-type=\"wp-page\" data-elementor-id=\"999957780\" class=\"elementor elementor-999957780 elementor-999957772\" data-elementor-post-type=\"page\">\n\t\t\t\t<div class=\"elementor-element elementor-element-ccaaf77 e-flex e-con-boxed e-con e-parent\" data-id=\"ccaaf77\" data-element_type=\"container\" data-e-type=\"container\" data-settings=\"{&quot;background_background&quot;:&quot;classic&quot;,&quot;jet_parallax_layout_list&quot;:[]}\">\n\t\t\t\t\t<div class=\"e-con-inner\">\n\t\t<div class=\"elementor-element elementor-element-9614101 e-con-full e-flex e-con e-child\" data-id=\"9614101\" data-element_type=\"container\" data-e-type=\"container\" data-settings=\"{&quot;jet_parallax_layout_list&quot;:[]}\">\n\t\t\t\t<div class=\"elementor-element elementor-element-41d8d43 elementor-widget elementor-widget-heading\" data-id=\"41d8d43\" data-element_type=\"widget\" data-e-type=\"widget\" data-widget_type=\"heading.default\">\n\t\t\t\t\t<h1 class=\"elementor-heading-title elementor-size-default\">DHI (Direkt Sa\u00e7 Ekimi)<\/h1>\t\t\t\t<\/div>\n\t\t\t\t<\/div>\n\t\t\t\t\t<\/div>\n\t\t\t\t<\/div>\n\t\t<div class=\"elementor-element elementor-element-7f38835 e-flex e-con-boxed e-con e-parent\" data-id=\"7f38835\" data-element_type=\"container\" data-e-type=\"container\" data-settings=\"{&quot;jet_parallax_layout_list&quot;:[]}\">\n\t\t\t\t\t<div class=\"e-con-inner\">\n\t\t<div class=\"elementor-element elementor-element-444728f e-con-full e-flex e-con e-child\" data-id=\"444728f\" data-element_type=\"container\" data-e-type=\"container\" data-settings=\"{&quot;jet_parallax_layout_list&quot;:[]}\">\n\t\t\t\t<div class=\"elementor-element elementor-element-c0685df elementor-widget elementor-widget-text-editor\" data-id=\"c0685df\" data-element_type=\"widget\" data-e-type=\"widget\" data-widget_type=\"text-editor.default\">\n\t\t\t\t\t\t\t\t\t<p>En bilinen sa\u00e7 ekimi uygulama y\u00f6ntemlerinin \u00fc\u00e7\u00fcnc\u00fcs\u00fc direkt sa\u00e7 uygulamas\u0131d\u0131r. Bu y\u00f6ntemde sa\u00e7 k\u00f6kleri sadece uzmanlar\u0131n kullanmas\u0131 gereken choi ad\u0131 verilen medikal bir kalem yard\u0131m\u0131yla toplan\u0131r. Daha sonra bu kalemle al\u0131nan sa\u00e7lar herhangi bir kesi yap\u0131lmadan veya kanal a\u00e7\u0131lmadan do\u011frudan cilt \u00fczerine yerle\u015ftirilir. Bu y\u00f6ntemin avantajlar\u0131 nelerdir? -E\u015f zamanl\u0131 yap\u0131lan kanal a\u00e7ma ve sa\u00e7 k\u00f6k\u00fc yerle\u015ftirme i\u015flemi sayesinde, toplanan sa\u00e7 k\u00f6kleri uzun s\u00fcre beklemeden yerine yerle\u015fir. -Sa\u00e7 ekimi daha s\u0131k ve daha do\u011fal bir g\u00f6r\u00fcn\u00fcm sa\u011flar. -\u00d6zel aparat\u0131 sayesinde sa\u00e7 ekimi s\u0131ras\u0131nda k\u00f6klerin bekleme s\u00fcresi azal\u0131r. B\u00f6ylece k\u00f6k kayb\u0131 riski en aza indirilir. -Mevcut sa\u00e7lar zarar g\u00f6rmez. -Sa\u00e7 d\u00f6k\u00fclmesini tamamlamam\u0131\u015f hastalarda da uygulanabilen bir y\u00f6ntemdir.<\/p>\n\t\t\t\t\t\t\t\t<\/div>\n\t\t\t\t<\/div>\n\t\t\t\t\t<\/div>\n\t\t\t\t<\/div>\n\t\t\t\t<\/div>\n\t\t","protected":false},"excerpt":{"rendered":"<p>En bilinen sa\u00e7 ekimi uygulama y\u00f6ntemlerinin \u00fc\u00e7\u00fcnc\u00fcs\u00fc direkt sa\u00e7 uygulamas\u0131d\u0131r. Bu y\u00f6ntemde sa\u00e7 k\u00f6kleri sadece uzmanlar\u0131n kullanmas\u0131 gereken choi ad\u0131 verilen medikal bir kalem yard\u0131m\u0131yla toplan\u0131r. Daha sonra bu kalemle al\u0131nan sa\u00e7lar herhangi bir kesi yap\u0131lmadan veya kanal a\u00e7\u0131lmadan do\u011frudan cilt \u00fczerine yerle\u015ftirilir. Bu y\u00f6ntemin avantajlar\u0131 nelerdir? -E\u015f zamanl\u0131 yap\u0131lan kanal a\u00e7ma ve sa\u00e7 k\u00f6k\u00fc [&hellip;]<\/p>\n","protected":false},"author":1,"featured_media":999957776,"parent":0,"menu_order":0,"comment_status":"closed","ping_status":"closed","template":"","meta":{"_jf_save_progress":"","footnotes":""},"class_list":["post-999957780","page","type-page","status-publish","has-post-thumbnail","hentry"],"_links":{"self":[{"href":"https:\/\/www.estevitalyahair.com\/tr\/wp-json\/wp\/v2\/pages\/999957780","targetHints":{"allow":["GET"]}}],"collection":[{"href":"https:\/\/www.estevitalyahair.com\/tr\/wp-json\/wp\/v2\/pages"}],"about":[{"href":"https:\/\/www.estevitalyahair.com\/tr\/wp-json\/wp\/v2\/types\/page"}],"author":[{"embeddable":true,"href":"https:\/\/www.estevitalyahair.com\/tr\/wp-json\/wp\/v2\/users\/1"}],"replies":[{"embeddable":true,"href":"https:\/\/www.estevitalyahair.com\/tr\/wp-json\/wp\/v2\/comments?post=999957780"}],"version-history":[{"count":0,"href":"https:\/\/www.estevitalyahair.com\/tr\/wp-json\/wp\/v2\/pages\/999957780\/revisions"}],"wp:featuredmedia":[{"embeddable":true,"href":"https:\/\/www.estevitalyahair.com\/tr\/wp-json\/wp\/v2\/media\/999957776"}],"wp:attachment":[{"href":"https:\/\/www.estevitalyahair.com\/tr\/wp-json\/wp\/v2\/media?parent=999957780"}],"curies":[{"name":"wp","href":"https:\/\/api.w.org\/{rel}","templated":true}]}}

DHI (Direkt Saç Ekimi)

<div data-elementor-type="wp-page" data-elementor-id="999957780" class="elementor elementor-999957780 elementor-999957772" data-elementor-post-type="page">
				<div class="elementor-element elementor-element-ccaaf77 e-flex e-con-boxed e-con e-parent" data-id="ccaaf77" data-element_type="container" data-e-type="container" data-settings="{&quot;background_background&quot;:&quot;classic&quot;,&quot;jet_parallax_layout_list&quot;:[]}">
					<div class="e-con-inner">
		<div class="elementor-element elementor-element-9614101 e-con-full e-flex e-con e-child" data-id="9614101" data-element_type="container" data-e-type="container" data-settings="{&quot;jet_parallax_layout_list&quot;:[]}">
				<div class="elementor-element elementor-element-41d8d43 elementor-widget elementor-widget-heading" data-id="41d8d43" data-element_type="widget" data-e-type="widget" data-widget_type="heading.default">
					<h1 class="elementor-heading-title elementor-size-default">DHI (Direkt Saç Ekimi)</h1>				</div>
				</div>
					</div>
				</div>
		<div class="elementor-element elementor-element-7f38835 e-flex e-con-boxed e-con e-parent" data-id="7f38835" data-element_type="container" data-e-type="container" data-settings="{&quot;jet_parallax_layout_list&quot;:[]}">
					<div class="e-con-inner">
		<div class="elementor-element elementor-element-444728f e-con-full e-flex e-con e-child" data-id="444728f" data-element_type="container" data-e-type="container" data-settings="{&quot;jet_parallax_layout_list&quot;:[]}">
				<div class="elementor-element elementor-element-c0685df elementor-widget elementor-widget-text-editor" data-id="c0685df" data-element_type="widget" data-e-type="widget" data-widget_type="text-editor.default">
									<p>En bilinen saç ekimi uygulama yöntemlerinin üçüncüsü direkt saç uygulamasıdır. Bu yöntemde saç kökleri sadece uzmanların kullanması gereken choi adı verilen medikal bir kalem yardımıyla toplanır. Daha sonra bu kalemle alınan saçlar herhangi bir kesi yapılmadan veya kanal açılmadan doğrudan cilt üzerine yerleştirilir. Bu yöntemin avantajları nelerdir? -Eş zamanlı yapılan kanal açma ve saç kökü yerleştirme işlemi sayesinde, toplanan saç kökleri uzun süre beklemeden yerine yerleşir. -Saç ekimi daha sık ve daha doğal bir görünüm sağlar. -Özel aparatı sayesinde saç ekimi sırasında köklerin bekleme süresi azalır. Böylece kök kaybı riski en aza indirilir. -Mevcut saçlar zarar görmez. -Saç dökülmesini tamamlamamış hastalarda da uygulanabilen bir yöntemdir.</p>
								</div>
				</div>
					</div>
				</div>
				</div>

<p>En bilinen saç ekimi uygulama yöntemlerinin üçüncüsü direkt saç uygulamasıdır. Bu yöntemde saç kökleri sadece uzmanların kullanması gereken choi adı verilen medikal bir kalem yardımıyla toplanır. Daha sonra bu kalemle alınan saçlar herhangi bir kesi yapılmadan veya kanal açılmadan doğrudan cilt üzerine yerleştirilir. Bu yöntemin avantajları nelerdir? -Eş zamanlı yapılan kanal açma ve saç kökü [&hellip;]</p>
